ive of w**5/60 + 5*w**4/24 + 2*w**3/3 - 6557*w**2. Determine z(-2).
-2
Let f(p) = -7*p**2 + 2 + 39*p**2 - 3. Let j = -44116 + 44115. Determine f(j).
31
Let t(w) = w**3 + 11*w**2 - w - 13. Suppose 308 = -95*z + 67*z. Let y be t(z). Let l(s) = -5*s**2 + 3*s + 2. What is l(y)?
-24
Suppose -2*o + c + 10 = 0, 3*c = -2*c - 20. Let d(t) = 8*t**3 - 7*t**3 - 2 - t**2 - 2*t**o + t. Calculate d(0).
-2
Let r(t) = -4*t**2 + 0*t**2 + 3 - 55*t + 87*t - 45*t + 2*t**2. Determine r(-8).
-21
Let f(p) = -p + 16. Suppose 260 = 40*b - 420. Suppose 6*t = 7*t - 5*q - b, -2*q - 11 = -t. Give f(t).
9
Let t = 0 + 0. Let q(r) = 1. Let n(h) be the second derivative of -h**3/6 + 23*h**2/2 + 16*h. Let v(k) = n(k) - 3*q(k). Calculate v(t).
20
Let i be (-40)/(-7) - (-1 + 15/21). Suppose -i*p = -2*p - 4. Let v(j) be the second derivative of j**5/20 - j**4/12 + j**3/6 - j**2/2 + 14*j. Calculate v(p).
0
Let t(v) = -12*v**2 - 1. Let g be t(1). Suppose 3 = p, 3*y = -3*p - 1953 + 6153. Let b(u) = -12 + 1395*u + y*u - 5 - 2793*u. Determine b(g).
-4
Let f(b) = -2*b**3 - 2*b**2 + b - 1. Suppose 0 = -0*c - 5*c + 3*y - 1366, 4*y - 824 = 3*c. Let s = c - -270. Give f(s).
5
Let d(a) be the third derivative of a**5/60 - a**4/24 - a**3/6 + 243*a**2. Let r(n) = -4*n**2 - 3*n + 2. Let j(z) = 3*d(z) + r(z). Give j(-3).
8
Let s(i) = 13*i + 155. Let m(h) = -7*h - 82. Let t(b) = -7*m(b) - 4*s(b). Give t(-16).
2
Let s(u) = u**3 - 4*u**2 - u. Suppose -w - 3 = p, 4*w + 5*p + 0 = -15. Let q be w + 3/3 + 14/7. Calculate s(q).
-12
Let w be -15385*((-7)/(210/(-108)) - 4). Let l(b) = -w + 6154 - 5*b. What is l(-1)?
5
Let y(c) be the first derivative of -c**3/3 + 7*c**2/2 - 6*c - 2. Let f = 88829 - 88824. Calculate y(f).
4
Let j(l) = -l**3 - 6*l**2 + 16*l - 14. Suppose w + 611 = 603. Give j(w).
-14
Let r(b) = -b**3 + 7*b**2 + 36*b - 4. Let o(y) = 3*y**3 - 20*y**2 - 128*y + 8. Let d(p) = -2*o(p) - 7*r(p). Determine d(9).
48
Let o(i) = 20*i**2 - 3*i. Let l be o(0). Let g(h) be the first derivative of h**3/3 + h**2 + 16*h + 12. What is g(l)?
16
Let g(p) = -16*p**3 - 98*p**2 - 28*p - 117. Let q(d) = -5*d**3 - 30*d**2 - 8*d - 39. Let u(h) = -6*g(h) + 19*q(h). Give u(-17).
-22
Let g = -26 - -424. Let j = 394 - g. Let t(l) = 3*l**2 + 5*l + 4. Determine t(j).
32
Let c(f) = f**2 - 12*f - 118. Let o be c(-6). Let g(y) = 5*y**2 + 56*y + 39. Calculate g(o).
-21
Let q(n) = 34*n - 279. Let j be q(8). Let h(i) be the first derivative of -5 + i - 1/2*i**2. Calculate h(j).
8
Let i = -276 + 306. Let c(h) = h - 36. Let d be c(i). Let z(u) = -u**2 - 4*u + 11. Determine z(d).
-1
Let g(p) = 5*p**2 + 6*p + 2. Let c be (15 + -7 - 13)/(20/8). What is g(c)?
10
Let j(o) be the second derivative of 0 - 2*o + 3*o**2 - 5/2*o**3 + 1/24*o**4. Let w(h) be the first derivative of j(h). Calculate w(0).
-15
Let h(z) = z**3 - 16*z**2 - 87*z + 145. Let s be h(20). Let f(t) be the second derivative of 8*t + 1/6*t**4 + 0 + 1/2*t**2 - 1/3*t**3 - 11/10*t**s. Give f(1).
-21
Let b(c) = -c**3 - c - 2. Let m(s) = -6*s**3 - 55*s**2 - 81*s + 28. Let x(n) = -4*b(n) + m(n). Let y be x(-26). Let q(l) = l**3 - 9*l**2 - 7*l - 9. Give q(y).
21
Suppose -3*f = -2*j - 7, 0*j = -5*f + j. Let t(n) = 4*n**2 - 2*n - 1. Let l be t(f). Let d(o) = o**2 - 9*o + 7. What is d(l)?
-13
Let o(v) = 7*v**2 - v + 1. Let d be o(1). Let z(g) = -g**2 - 10 - 1 - 6 + 9*g - 11 + 19. Determine z(d).
5
Let k(r) = -181*r - 60. Let d(a) = -11*a - 1. Let o(i) = 102*d(i) - 6*k(i). What is o(7)?
6
Let n(z) = -13*z - 58. Let l(v) = -6*v - 48. Let q(h) = 6*l(h) - 5*n(h). Let d = -4 - -3. What is q(d)?
-27
Let f(u) = 2*u - 2*u + 11 - u + 5. Let j be f(0). Suppose 13*v + 15 = j*v. Let i(y) = y**3 - 6*y**2 + 3*y + 7. Give i(v).
-3
Let a(y) = -79*y + 10. Let l be a(3). Let n = 218 + l. Let w(j) = -j**3 - 10*j**2 - 11*j - 9. Determine w(n).
9
Let h(j) = 3*j + 59. Let m be 18/(-60) - ((-1242)/(-60) - -5). Determine h(m).
-19
Let a(k) = -5*k - 312. Let w(m) = -m - 57. Let g(r) = 9*a(r) - 48*w(r). Calculate g(24).
0
Let n(h) = h**2 - 6*h - 7. Suppose -3*a + 9 = 0, 0*t + 2*a - 87 = 3*t. Let f be (4 - (-144)/t)*(-5 + -1). What is n(f)?
9
Let k(f) be the second derivative of f**7/2520 + f**6/240 - f**5/40 + 15*f**4/2 + 54*f + 3. Let v(p) be the third derivative of k(p). Determine v(3).
15
Let m(f) = f + 20. Let r be m(27). Suppose r*v = 53*v. Let t(q) = 4*q + 25. Let a(b) = b + 6. Let p(w) = -9*a(w) + 2*t(w). Determine p(v).
-4
Let f(k) = 2*k + 2. Suppose 0*b + 35 = 7*b. Suppose 0*q = b*y - q + 13, 2*y + 1 = -q. What is f(y)?
-2
Let a = 16738 - 16726. Let t(y) = y**3 - 14*y**2 + 30*y - 1. What is t(a)?
71
Let m be 11/2*(-2 + 0). Let p(f) be the first derivative of 11/3*f**3 - 6*f + 1/4*f**4 + 108 - 1/2*f**2. What is p(m)?
5
Let o(j) be the first derivative of 2*j + 16 - 13*j - 63 + 2*j**2 - 3*j**2. What is o(-11)?
11
Let n(w) be the third derivative of w**4/24 - 13*w**3/3 - 140*w**2. Calculate n(-8).
-34
Let p(g) = 6*g + 73. Let t be p(-11). Let i(k) = -t*k + 2*k**2 + 2*k + 4*k + 14*k**2. Calculate i(-1).
17
Let d be ((-138)/9 + 15)*0. Let x(j) be the third derivative of 7/6*j**3 + 0 + 0*j**5 - 8*j**2 + d*j - 1/24*j**4 + 1/120*j**6. What is x(0)?
7
Let p(c) = -136*c**2 + 3*c. Let t(l) = 181*l**2 - 5*l. Let n(k) = -4*p(k) - 3*t(k). Give n(1).
4
Let w(t) = -6*t**2 - t - 1. Let b(p) = p**2 - 1. Let g(k) = 2*b(k) - w(k). Let s(y) = 3*y**2 + 3*y + 3. Let i be s(-2). Let z = i + -8. What is g(z)?
8
Let d(m) = -m**3 - 6*m**2 - m - 8. Let q(w) = -4*w**3 + 25*w**2 - 3*w + 24. Let l(u) = 4*d(u) + q(u). What is l(-1)?
8
Let f(x) = -26*x**2 + 15*x**2 + 6*x**2 + 0 + 0. Let w(k) = -k**2 + k - 1. Let m(h) = -f(h) + 6*w(h). Give m(6).
-6
Let v(y) = -2*y**3 + 14*y**2 + 19*y - 16. Let f = 20660 + -20652. Give v(f).
8
Let r = -244 - -247. Suppose -r = -3*z, -5*k = 2*z + 3*z. Let y(d) = 18*d**3 + 1. Calculate y(k).
-17
Let z be (3/(-1) + 2)*-9. Let t(b) = -14*b**3 + 25*b**2 - 4*b**3 + 7 - 2*b**3 + 6*b - 17*b**2 + 19*b**3. What is t(z)?
-20
Suppose 36 = 742*v - 739*v - n, 2*v + 2*n = 16. Let a(w) = -4*w + 17. What is a(v)?
-27
Let c = 117 - 117. Let j(t) = t. Let f(s) = 0 - 1 - 6 + 1. Let x(m) = -f(m) + j(m). What is x(c)?
6
Let i(d) = d**2 + 2385*d + 14273. Let o be i(-6). Let r(n) = 19*n**3 + n**2 - 5. Let a(m) = -18*m**3 - m**2 + 6. Let p(w) = -5*a(w) - 6*r(w). Calculate p(o).
23
Suppose -285*k = -283*k - 134. Let d(j) = 131 - 63 + 10*j - k. What is d(1)?
11
Let g(s) be the first derivative of -2*s**3/3 + 5*s**2/2 + 186*s + 66. Let q(a) be the first derivative of g(a). Determine q(-6).
29
Let m(b) = b**3 + 8*b**2 - 6*b + 39. Let l be m(-9). Let z(s) = -s**2 + 62*s**3 + 1 + l*s - 70*s**3 - 13*s. What is z(1)?
-9
Let l(c) = c - 2. Let d be 1 + -1 - (1 + -70). Let b = 851 + -777. Let j = b - d. Give l(j).
3
Let w(b) = -36*b - 941. Let c be w(-26). Let p(m) = -4*m - 33. Determine p(c).
-13
Suppose 7*i + 4*x = 6*i + 20, -2*i - 3*x = -20. Suppose 4*f - 96 = i*v, -2*v + 37 + 41 = 4*f. Let o be (-93)/f + 27/63. Let s(b) = -b**2 - 5*b. What is s(o)?
4
Let d(x) = -3*x**2 + 22*x + 4. Let a(f) = 8*f**2 - 63*f - 16. Let t(u) = 4*a(u) + 11*d(u). Determine t(-6).
4
Let g(q) = -2*q**3 - 12*q**2 - 17*q - 3. Let r be g(-3). Let c be r + 14/(-35)*-15. Let d(m) = -m**2 - m + 2. Give d(c).
2
Let b(i) = 65*i**3 - 63*i**2 - 97*i - 29. Let z(d) = -23*d**3 + 21*d**2 + 32*d + 10. Let y(s) = 6*b(s) + 17*z(s). What is y(-19)?
-4
Let d(i) = -i**3 + 6*i**2 - 3*i. Let k be (8 - -2)*-2*45/(-36). Suppose 9*g + k*g - 136 = 0. Give d(g).
20
Let a(p) = p**2 - 804*p + 4813. Let c be a(6). Let m(l) = -17*l + 426. Calculate m(c).
1
Suppose 13 = 4*k - 3*k. Suppose k + 11 = 4*p. Let t(b) = -10 + 26 + 0*b**3 + b**3 - 7*b**2 - 11 + 6*b. Give t(p).
5
Let f(j) = j - 4. Let p = 582 + -314. Suppose 2*z - p + 280 = 0. Calculate f(z).
-10
Let z(x) = -x**2 - x - 13. Let d = -23 + 25. Let l(c) = -6*c + 0*c + 0*c**2 - c**d + 5*c. Let v be l(-1). What is z(v)?
-13
Let f = -21659 + 21663. Let t(r) = -r**3 + 16*r - 14. Give t(f).
-14
Let n be (5*3/(-6))/(6/(-12)). Suppose t = 4*t + 2*s - 10, -t + s = n. Let f(z) = z**2 + z - 8. What is f(t)?
-8
Let u(c) = -2*c - 4 - c**2 + 3*c - 5*c. Let z(q) = -5*q - 10. Let f be z(-3). Suppose -2*s - 16 = 4*x, -f*x = -s - x + 4. Determine u(s).
-4
Suppose 0 = p - 6*t + 11*t - 171, 4*p = 3*t + 707. Suppose p = 30*z - 8*z. Let o(i) = i